{"id":340920,"date":"2024-09-27T11:32:19","date_gmt":"2024-09-27T11:32:19","guid":{"rendered":"https:\/\/www.proffis.rs\/?page_id=340920"},"modified":"2024-11-20T12:11:35","modified_gmt":"2024-11-20T12:11:35","slug":"spanija","status":"publish","type":"page","link":"https:\/\/www.proffis.rs\/hu\/spanija\/","title":{"rendered":"\u0160PANIJA"},"content":{"rendered":"<p>[et_pb_section fb_built=&#8220;1&#8243; _builder_version=&#8220;4.19.0&#8243; global_colors_info=&#8220;{}&#8220;][et_pb_row _builder_version=&#8220;4.19.0&#8243; global_colors_info=&#8220;{}&#8220;][et_pb_column type=&#8220;4_4&#8243; _builder_version=&#8220;4.19.0&#8243; global_colors_info=&#8220;{}&#8220;][et_pb_text _builder_version=&#8220;4.23.1&#8243; hover_enabled=&#8220;0&#8243; global_colors_info=&#8220;{}&#8220; sticky_enabled=&#8220;0&#8243;]<\/p>\n<h2>\u00a0<\/h2>\n<h2>\u00a0<\/h2>\n<h2 style=\"text-align: center;\"><strong>\u0160PANIJA<\/strong><\/h2>\n<div>Kraljevina \u0160panija je kolevka flamenka, koride, paelje i sangrije, zemlja srda\u010dnih ljudi i prelepe morske obale.<\/div>\n<div>\u00a0<\/div>\n<div>Ponuda za \u0160paniju je bogata: letovanje u Ljoret de Maru, najjeftinija ponuda Barselona novembar, Andaluzija i Maroko, letnja proputovanja Andaluzija, Barselona-Madrid-Lisabon, Baskija i Portugalija.<\/div>\n<div>\u00a0<\/div>\n<div>Glavni grad \u0160panije je Madrid i tre\u0107i po veli\u010dini u Evropskoj Uniji, a ve\u0107i turisti\u010dki centri su jo\u0161:<\/div>\n<div>\u00a0<\/div>\n<div>Barselona,Malaga,Sevilja,Granada,Valensija,Bilbao,La Korunja, Saragosa. U \u0160paniji se odr\u017eavaju neobi\u010dni festivali, a treba izdvojiti La Tomatina kada se ljudi ga\u0111aju paradajzom i San Fermin kada se ljudi trkaju sa bikovima na ulicama Pamplone. Tradicionalna predstava je korida, borba bikova i toreadora.<\/div>\n<div>\u00a0<\/div>\n<div>Najpoznatiji umetnici \u0160panije: Antonio Gaudi, Pablo Pikaso i Salvador Dali pobrinuli su se da ulice poznatih gradova budu ukra\u0161ene posebnim stilom i arhitekturom, da se slike i umetnine Pikasa na\u0111u u svakoj galeriji, da se Dalijev muzej na\u0111e na svakom prospektu turisti\u010dkih ponuda, dok su Mario Vargas Ljosa i Garsija Lorka zaslu\u017eni su za da se kvalitetna knji\u017eevna dela na\u0111u na policama biblioteka i kafi\u0107a. Svaka znamenita li\u010dnost ostavila je trag na duh i kulturu \u0160panije i dala joj poseban pe\u010dat vredan posete.<\/div>\n<div>\u00a0<\/div>\n<p>[\/et_pb_text][et_pb_blog fullwidth=&#8220;off&#8220; posts_number=&#8220;24&#8243; include_categories=&#8220;68&#8243; excerpt_length=&#8220;130&#8243; show_more=&#8220;on&#8220; show_author=&#8220;off&#8220; show_date=&#8220;off&#8220; show_categories=&#8220;off&#8220; show_pagination=&#8220;off&#8220; use_overlay=&#8220;on&#8220; hover_overlay_color=&#8220;rgba(0,0,0,0.29)&#8220; _builder_version=&#8220;4.23.1&#8243; animation_style=&#8220;slide&#8220; custom_css_main_element=&#8220;||&#8220; custom_css_content=&#8220;height: 190px;||&#8220; custom_css_read_more=&#8220;color: #e09900;||display: block;||text-align:center;||margin-top: 10px;||border: 1px solid #007CC3;||padding: 5px;&#8220; border_width_all_image=&#8220;1px&#8220; border_color_all_image=&#8220;#0c71c3&#8243; box_shadow_style=&#8220;preset3&#8243; box_shadow_horizontal=&#8220;3px&#8220; box_shadow_vertical=&#8220;10px&#8220; box_shadow_spread=&#8220;0px&#8220; box_shadow_color=&#8220;rgba(0,0,0,0.7)&#8220; global_colors_info=&#8220;{}&#8220; box_shadow_horizontal__hover=&#8220;7px&#8220; box_shadow_horizontal__hover_enabled=&#8220;on|hover&#8220;][\/et_pb_blog][\/et_pb_column][\/et_pb_row][\/et_pb_section]<\/p>\n","protected":false},"excerpt":{"rendered":"<p>\u00a0 \u00a0 \u0160PANIJA Kraljevina \u0160panija je kolevka flamenka, koride, paelje i sangrije, zemlja srda\u010dnih ljudi i prelepe morske obale. \u00a0 Ponuda za \u0160paniju je bogata: letovanje u Ljoret de Maru, najjeftinija ponuda Barselona novembar, Andaluzija i Maroko, letnja proputovanja Andaluzija, Barselona-Madrid-Lisabon, Baskija i Portugalija. \u00a0 Glavni grad \u0160panije je Madrid i tre\u0107i po veli\u010dini u [&hellip;]<\/p>\n","protected":false},"author":2,"featured_media":0,"parent":0,"menu_order":0,"comment_status":"closed","ping_status":"closed","template":"","meta":{"_et_pb_use_builder":"on","_et_pb_old_content":"","_et_gb_content_width":"","footnotes":""},"class_list":["post-340920","page","type-page","status-publish","hentry"],"yoast_head":"<!-- This site is optimized with the Yoast SEO plugin v27.3 - https:\/\/yoast.com\/product\/yoast-seo-wordpress\/ -->\n<title>\u0160PANIJA | 30 GODINA VA\u0160EG POVERENJA<\/title>\n<meta name=\"description\" content=\"Kraljevina \u0160panija je kolevka flamenka, koride, paelje i sangrije, zemlja srda\u010dnih ljudi i prelepe morske obale.\" \/>\n<meta name=\"robots\" content=\"index, follow, max-snippet:-1, max-image-preview:large, max-video-preview:-1\" \/>\n<link rel=\"canonical\" href=\"https:\/\/www.proffis.rs\/hu\/spanija\/\" \/>\n<meta property=\"og:locale\" content=\"hu_HU\" \/>\n<meta property=\"og:type\" content=\"article\" \/>\n<meta property=\"og:title\" content=\"\u0160PANIJA | 30 GODINA VA\u0160EG POVERENJA\" \/>\n<meta property=\"og:description\" content=\"Kraljevina \u0160panija je kolevka flamenka, koride, paelje i sangrije, zemlja srda\u010dnih ljudi i prelepe morske obale.\" \/>\n<meta property=\"og:url\" content=\"https:\/\/www.proffis.rs\/hu\/spanija\/\" \/>\n<meta property=\"og:site_name\" content=\"30 GODINA VA\u0160EG POVERENJA\" \/>\n<meta property=\"article:publisher\" content=\"https:\/\/www.facebook.com\/PROFFISSUBOTICA\" \/>\n<meta property=\"article:modified_time\" content=\"2024-11-20T12:11:35+00:00\" \/>\n<meta name=\"twitter:card\" content=\"summary_large_image\" \/>\n<meta name=\"twitter:label1\" content=\"Becs\u00fclt olvas\u00e1si id\u0151\" \/>\n\t<meta name=\"twitter:data1\" content=\"2 perc\" \/>\n<script type=\"application\/ld+json\" class=\"yoast-schema-graph\">{\"@context\":\"https:\\\/\\\/schema.org\",\"@graph\":[{\"@type\":\"WebPage\",\"@id\":\"https:\\\/\\\/www.proffis.rs\\\/spanija\\\/\",\"url\":\"https:\\\/\\\/www.proffis.rs\\\/spanija\\\/\",\"name\":\"\u0160PANIJA | 30 GODINA VA\u0160EG POVERENJA\",\"isPartOf\":{\"@id\":\"https:\\\/\\\/www.proffis.rs\\\/#website\"},\"datePublished\":\"2024-09-27T11:32:19+00:00\",\"dateModified\":\"2024-11-20T12:11:35+00:00\",\"description\":\"Kraljevina \u0160panija je kolevka flamenka, koride, paelje i sangrije, zemlja srda\u010dnih ljudi i prelepe morske obale.\",\"breadcrumb\":{\"@id\":\"https:\\\/\\\/www.proffis.rs\\\/spanija\\\/#breadcrumb\"},\"inLanguage\":\"hu\",\"potentialAction\":[{\"@type\":\"ReadAction\",\"target\":[\"https:\\\/\\\/www.proffis.rs\\\/spanija\\\/\"]}]},{\"@type\":\"BreadcrumbList\",\"@id\":\"https:\\\/\\\/www.proffis.rs\\\/spanija\\\/#breadcrumb\",\"itemListElement\":[{\"@type\":\"ListItem\",\"position\":1,\"name\":\"Home\",\"item\":\"https:\\\/\\\/www.proffis.rs\\\/\"},{\"@type\":\"ListItem\",\"position\":2,\"name\":\"\u0160PANIJA\"}]},{\"@type\":\"WebSite\",\"@id\":\"https:\\\/\\\/www.proffis.rs\\\/#website\",\"url\":\"https:\\\/\\\/www.proffis.rs\\\/\",\"name\":\"Proffis\",\"description\":\"Proffis Turisti\u010dka agencija Subotica\",\"publisher\":{\"@id\":\"https:\\\/\\\/www.proffis.rs\\\/#organization\"},\"alternateName\":\"Turisti\u010dka agencija Proffis SUBOTICA\",\"potentialAction\":[{\"@type\":\"SearchAction\",\"target\":{\"@type\":\"EntryPoint\",\"urlTemplate\":\"https:\\\/\\\/www.proffis.rs\\\/?s={search_term_string}\"},\"query-input\":{\"@type\":\"PropertyValueSpecification\",\"valueRequired\":true,\"valueName\":\"search_term_string\"}}],\"inLanguage\":\"hu\"},{\"@type\":\"Organization\",\"@id\":\"https:\\\/\\\/www.proffis.rs\\\/#organization\",\"name\":\"Proffis\",\"url\":\"https:\\\/\\\/www.proffis.rs\\\/\",\"logo\":{\"@type\":\"ImageObject\",\"inLanguage\":\"hu\",\"@id\":\"https:\\\/\\\/www.proffis.rs\\\/#\\\/schema\\\/logo\\\/image\\\/\",\"url\":\"https:\\\/\\\/media.proffis.rs\\\/2023\\\/12\\\/proffis2-removebg.png\",\"contentUrl\":\"https:\\\/\\\/media.proffis.rs\\\/2023\\\/12\\\/proffis2-removebg.png\",\"width\":806,\"height\":310,\"caption\":\"Proffis\"},\"image\":{\"@id\":\"https:\\\/\\\/www.proffis.rs\\\/#\\\/schema\\\/logo\\\/image\\\/\"},\"sameAs\":[\"https:\\\/\\\/www.facebook.com\\\/PROFFISSUBOTICA\"]}]}<\/script>\n<!-- \/ Yoast SEO plugin. -->","yoast_head_json":{"title":"\u0160PANIJA | 30 GODINA VA\u0160EG POVERENJA","description":"Kraljevina \u0160panija je kolevka flamenka, koride, paelje i sangrije, zemlja srda\u010dnih ljudi i prelepe morske obale.","robots":{"index":"index","follow":"follow","max-snippet":"max-snippet:-1","max-image-preview":"max-image-preview:large","max-video-preview":"max-video-preview:-1"},"canonical":"https:\/\/www.proffis.rs\/hu\/spanija\/","og_locale":"hu_HU","og_type":"article","og_title":"\u0160PANIJA | 30 GODINA VA\u0160EG POVERENJA","og_description":"Kraljevina \u0160panija je kolevka flamenka, koride, paelje i sangrije, zemlja srda\u010dnih ljudi i prelepe morske obale.","og_url":"https:\/\/www.proffis.rs\/hu\/spanija\/","og_site_name":"30 GODINA VA\u0160EG POVERENJA","article_publisher":"https:\/\/www.facebook.com\/PROFFISSUBOTICA","article_modified_time":"2024-11-20T12:11:35+00:00","twitter_card":"summary_large_image","twitter_misc":{"Becs\u00fclt olvas\u00e1si id\u0151":"2 perc"},"schema":{"@context":"https:\/\/schema.org","@graph":[{"@type":"WebPage","@id":"https:\/\/www.proffis.rs\/spanija\/","url":"https:\/\/www.proffis.rs\/spanija\/","name":"\u0160PANIJA | 30 GODINA VA\u0160EG POVERENJA","isPartOf":{"@id":"https:\/\/www.proffis.rs\/#website"},"datePublished":"2024-09-27T11:32:19+00:00","dateModified":"2024-11-20T12:11:35+00:00","description":"Kraljevina \u0160panija je kolevka flamenka, koride, paelje i sangrije, zemlja srda\u010dnih ljudi i prelepe morske obale.","breadcrumb":{"@id":"https:\/\/www.proffis.rs\/spanija\/#breadcrumb"},"inLanguage":"hu","potentialAction":[{"@type":"ReadAction","target":["https:\/\/www.proffis.rs\/spanija\/"]}]},{"@type":"BreadcrumbList","@id":"https:\/\/www.proffis.rs\/spanija\/#breadcrumb","itemListElement":[{"@type":"ListItem","position":1,"name":"Home","item":"https:\/\/www.proffis.rs\/"},{"@type":"ListItem","position":2,"name":"\u0160PANIJA"}]},{"@type":"WebSite","@id":"https:\/\/www.proffis.rs\/#website","url":"https:\/\/www.proffis.rs\/","name":"Proffis","description":"Proffis Turisti\u010dka agencija Subotica","publisher":{"@id":"https:\/\/www.proffis.rs\/#organization"},"alternateName":"Turisti\u010dka agencija Proffis SUBOTICA","potentialAction":[{"@type":"SearchAction","target":{"@type":"EntryPoint","urlTemplate":"https:\/\/www.proffis.rs\/?s={search_term_string}"},"query-input":{"@type":"PropertyValueSpecification","valueRequired":true,"valueName":"search_term_string"}}],"inLanguage":"hu"},{"@type":"Organization","@id":"https:\/\/www.proffis.rs\/#organization","name":"Proffis","url":"https:\/\/www.proffis.rs\/","logo":{"@type":"ImageObject","inLanguage":"hu","@id":"https:\/\/www.proffis.rs\/#\/schema\/logo\/image\/","url":"https:\/\/media.proffis.rs\/2023\/12\/proffis2-removebg.png","contentUrl":"https:\/\/media.proffis.rs\/2023\/12\/proffis2-removebg.png","width":806,"height":310,"caption":"Proffis"},"image":{"@id":"https:\/\/www.proffis.rs\/#\/schema\/logo\/image\/"},"sameAs":["https:\/\/www.facebook.com\/PROFFISSUBOTICA"]}]}},"_links":{"self":[{"href":"https:\/\/www.proffis.rs\/hu\/wp-json\/wp\/v2\/pages\/340920","targetHints":{"allow":["GET"]}}],"collection":[{"href":"https:\/\/www.proffis.rs\/hu\/wp-json\/wp\/v2\/pages"}],"about":[{"href":"https:\/\/www.proffis.rs\/hu\/wp-json\/wp\/v2\/types\/page"}],"author":[{"embeddable":true,"href":"https:\/\/www.proffis.rs\/hu\/wp-json\/wp\/v2\/users\/2"}],"replies":[{"embeddable":true,"href":"https:\/\/www.proffis.rs\/hu\/wp-json\/wp\/v2\/comments?post=340920"}],"version-history":[{"count":13,"href":"https:\/\/www.proffis.rs\/hu\/wp-json\/wp\/v2\/pages\/340920\/revisions"}],"predecessor-version":[{"id":342658,"href":"https:\/\/www.proffis.rs\/hu\/wp-json\/wp\/v2\/pages\/340920\/revisions\/342658"}],"wp:attachment":[{"href":"https:\/\/www.proffis.rs\/hu\/wp-json\/wp\/v2\/media?parent=340920"}],"curies":[{"name":"wp","href":"https:\/\/api.w.org\/{rel}","templated":true}]}}

ŠPANIJA

<p>[et_pb_section fb_built=&#8220;1&#8243; _builder_version=&#8220;4.19.0&#8243; global_colors_info=&#8220;{}&#8220;][et_pb_row _builder_version=&#8220;4.19.0&#8243; global_colors_info=&#8220;{}&#8220;][et_pb_column type=&#8220;4_4&#8243; _builder_version=&#8220;4.19.0&#8243; global_colors_info=&#8220;{}&#8220;][et_pb_text _builder_version=&#8220;4.23.1&#8243; hover_enabled=&#8220;0&#8243; global_colors_info=&#8220;{}&#8220; sticky_enabled=&#8220;0&#8243;]</p>
<h2> </h2>
<h2> </h2>
<h2 style="text-align: center;"><strong>ŠPANIJA</strong></h2>
<div>Kraljevina Španija je kolevka flamenka, koride, paelje i sangrije, zemlja srdačnih ljudi i prelepe morske obale.</div>
<div> </div>
<div>Ponuda za Španiju je bogata: letovanje u Ljoret de Maru, najjeftinija ponuda Barselona novembar, Andaluzija i Maroko, letnja proputovanja Andaluzija, Barselona-Madrid-Lisabon, Baskija i Portugalija.</div>
<div> </div>
<div>Glavni grad Španije je Madrid i treći po veličini u Evropskoj Uniji, a veći turistički centri su još:</div>
<div> </div>
<div>Barselona,Malaga,Sevilja,Granada,Valensija,Bilbao,La Korunja, Saragosa. U Španiji se održavaju neobični festivali, a treba izdvojiti La Tomatina kada se ljudi gađaju paradajzom i San Fermin kada se ljudi trkaju sa bikovima na ulicama Pamplone. Tradicionalna predstava je korida, borba bikova i toreadora.</div>
<div> </div>
<div>Najpoznatiji umetnici Španije: Antonio Gaudi, Pablo Pikaso i Salvador Dali pobrinuli su se da ulice poznatih gradova budu ukrašene posebnim stilom i arhitekturom, da se slike i umetnine Pikasa nađu u svakoj galeriji, da se Dalijev muzej nađe na svakom prospektu turističkih ponuda, dok su Mario Vargas Ljosa i Garsija Lorka zaslužni su za da se kvalitetna književna dela nađu na policama biblioteka i kafića. Svaka znamenita ličnost ostavila je trag na duh i kulturu Španije i dala joj poseban pečat vredan posete.</div>
<div> </div>
<p>[/et_pb_text][et_pb_blog fullwidth=&#8220;off&#8220; posts_number=&#8220;24&#8243; include_categories=&#8220;68&#8243; excerpt_length=&#8220;130&#8243; show_more=&#8220;on&#8220; show_author=&#8220;off&#8220; show_date=&#8220;off&#8220; show_categories=&#8220;off&#8220; show_pagination=&#8220;off&#8220; use_overlay=&#8220;on&#8220; hover_overlay_color=&#8220;rgba(0,0,0,0.29)&#8220; _builder_version=&#8220;4.23.1&#8243; animation_style=&#8220;slide&#8220; custom_css_main_element=&#8220;||&#8220; custom_css_content=&#8220;height: 190px;||&#8220; custom_css_read_more=&#8220;color: #e09900;||display: block;||text-align:center;||margin-top: 10px;||border: 1px solid #007CC3;||padding: 5px;&#8220; border_width_all_image=&#8220;1px&#8220; border_color_all_image=&#8220;#0c71c3&#8243; box_shadow_style=&#8220;preset3&#8243; box_shadow_horizontal=&#8220;3px&#8220; box_shadow_vertical=&#8220;10px&#8220; box_shadow_spread=&#8220;0px&#8220; box_shadow_color=&#8220;rgba(0,0,0,0.7)&#8220; global_colors_info=&#8220;{}&#8220; box_shadow_horizontal__hover=&#8220;7px&#8220; box_shadow_horizontal__hover_enabled=&#8220;on|hover&#8220;][/et_pb_blog][/et_pb_column][/et_pb_row][/et_pb_section]</p>

<p>    ŠPANIJA Kraljevina Španija je kolevka flamenka, koride, paelje i sangrije, zemlja srdačnih ljudi i prelepe morske obale.   Ponuda za Španiju je bogata: letovanje u Ljoret de Maru, najjeftinija ponuda Barselona novembar, Andaluzija i Maroko, letnja proputovanja Andaluzija, Barselona-Madrid-Lisabon, Baskija i Portugalija.   Glavni grad Španije je Madrid i treći po veličini u [&hellip;]</p>

<!-- This site is optimized with the Yoast SEO plugin v27.3 - https://yoast.com/product/yoast-seo-wordpress/ -->
<title>ŠPANIJA | 30 GODINA VAŠEG POVERENJA</title>
<meta name="description" content="Kraljevina Španija je kolevka flamenka, koride, paelje i sangrije, zemlja srdačnih ljudi i prelepe morske obale." />
<meta name="robots" content="index, follow, max-snippet:-1, max-image-preview:large, max-video-preview:-1" />
<link rel="canonical" href="https://www.proffis.rs/hu/spanija/" />
<meta property="og:locale" content="hu_HU" />
<meta property="og:type" content="article" />
<meta property="og:title" content="ŠPANIJA | 30 GODINA VAŠEG POVERENJA" />
<meta property="og:description" content="Kraljevina Španija je kolevka flamenka, koride, paelje i sangrije, zemlja srdačnih ljudi i prelepe morske obale." />
<meta property="og:url" content="https://www.proffis.rs/hu/spanija/" />
<meta property="og:site_name" content="30 GODINA VAŠEG POVERENJA" />
<meta property="article:publisher" content="https://www.facebook.com/PROFFISSUBOTICA" />
<meta property="article:modified_time" content="2024-11-20T12:11:35+00:00" />
<meta name="twitter:card" content="summary_large_image" />
<meta name="twitter:label1" content="Becsült olvasási idő" />
	<meta name="twitter:data1" content="2 perc" />
<script type="application/ld+json" class="yoast-schema-graph">{"@context":"https:\/\/schema.org","@graph":[{"@type":"WebPage","@id":"https:\/\/www.proffis.rs\/spanija\/","url":"https:\/\/www.proffis.rs\/spanija\/","name":"ŠPANIJA | 30 GODINA VAŠEG POVERENJA","isPartOf":{"@id":"https:\/\/www.proffis.rs\/#website"},"datePublished":"2024-09-27T11:32:19+00:00","dateModified":"2024-11-20T12:11:35+00:00","description":"Kraljevina Španija je kolevka flamenka, koride, paelje i sangrije, zemlja srdačnih ljudi i prelepe morske obale.","breadcrumb":{"@id":"https:\/\/www.proffis.rs\/spanija\/#breadcrumb"},"inLanguage":"hu","potentialAction":[{"@type":"ReadAction","target":["https:\/\/www.proffis.rs\/spanija\/"]}]},{"@type":"BreadcrumbList","@id":"https:\/\/www.proffis.rs\/spanija\/#breadcrumb","itemListElement":[{"@type":"ListItem","position":1,"name":"Home","item":"https:\/\/www.proffis.rs\/"},{"@type":"ListItem","position":2,"name":"ŠPANIJA"}]},{"@type":"WebSite","@id":"https:\/\/www.proffis.rs\/#website","url":"https:\/\/www.proffis.rs\/","name":"Proffis","description":"Proffis Turistička agencija Subotica","publisher":{"@id":"https:\/\/www.proffis.rs\/#organization"},"alternateName":"Turistička agencija Proffis SUBOTICA","potentialAction":[{"@type":"SearchAction","target":{"@type":"EntryPoint","urlTemplate":"https:\/\/www.proffis.rs\/?s={search_term_string}"},"query-input":{"@type":"PropertyValueSpecification","valueRequired":true,"valueName":"search_term_string"}}],"inLanguage":"hu"},{"@type":"Organization","@id":"https:\/\/www.proffis.rs\/#organization","name":"Proffis","url":"https:\/\/www.proffis.rs\/","logo":{"@type":"ImageObject","inLanguage":"hu","@id":"https:\/\/www.proffis.rs\/#\/schema\/logo\/image\/","url":"https:\/\/media.proffis.rs\/2023\/12\/proffis2-removebg.png","contentUrl":"https:\/\/media.proffis.rs\/2023\/12\/proffis2-removebg.png","width":806,"height":310,"caption":"Proffis"},"image":{"@id":"https:\/\/www.proffis.rs\/#\/schema\/logo\/image\/"},"sameAs":["https:\/\/www.facebook.com\/PROFFISSUBOTICA"]}]}</script>
<!-- / Yoast SEO plugin. -->

ŠPANIJA | 30 GODINA VAŠEG POVERENJA

Kraljevina Španija je kolevka flamenka, koride, paelje i sangrije, zemlja srdačnih ljudi i prelepe morske obale.

30 GODINA VAŠEG POVERENJA

Proffis Turistička agencija Subotica

Turistička agencija Proffis SUBOTICA
